Dec 01 08:21:22.114 INFO testing mtwtkman/editor against master#8940af3cea4a9a9deabcaf843b2f8cad9a83fc61 for beta-1.31-5
Dec 01 08:21:22.114 INFO running `"docker" "create" "-v" "/mnt/big/crater/work/local/target-dirs/beta-1.31-5/worker-4/master#8940af3cea4a9a9deabcaf843b2f8cad9a83fc61:/target:rw,Z" "-v" "/mnt/big/crater/work/local/test-source/worker-4/beta-1.31-5/master#8940af3cea4a9a9deabcaf843b2f8cad9a83fc61:/source:ro,Z" "-v" "/mnt/big/crater/work/local/cargo-home:/cargo-home:ro,Z" "-v" "/mnt/big/crater/work/local/rustup-home:/rustup-home:ro,Z" "-e" "USER_ID=1000" "-e" "SOURCE_DIR=/source" "-e" "USER_ID=1000" "-e" "CMD=cargo +8940af3cea4a9a9deabcaf843b2f8cad9a83fc61-alt build --frozen" "-e" "CARGO_TARGET_DIR=/target" "-e" "CARGO_INCREMENTAL=0" "-e" "RUST_BACKTRACE=full" "-e" "RUSTFLAGS=--cap-lints=warn" "-e" "CARGO_HOME=/cargo-home" "-e" "RUSTUP_HOME=/rustup-home" "-m" "1536M" "--network" "none" "crater"`
Dec 01 08:21:22.775 INFO [stdout] f2c555cbd04b7e6c986e77d506ebabe6aa5847a7794a308427270b158e41054b
Dec 01 08:21:22.777 INFO running `"docker" "start" "-a" "f2c555cbd04b7e6c986e77d506ebabe6aa5847a7794a308427270b158e41054b"`
Dec 01 08:21:25.110 INFO [stderr] usermod: no changes
Dec 01 08:21:25.159 INFO [stderr] warning: An explicit [[test]] section is specified in Cargo.toml which currently
Dec 01 08:21:25.159 INFO [stderr] disables Cargo from automatically inferring other test targets.
Dec 01 08:21:25.159 INFO [stderr] This inference behavior will change in the Rust 2018 edition and the following
Dec 01 08:21:25.159 INFO [stderr] files will be included as a test target:
Dec 01 08:21:25.159 INFO [stderr] 
Dec 01 08:21:25.159 INFO [stderr] * /source/tests/helpers.rs
Dec 01 08:21:25.159 INFO [stderr] 
Dec 01 08:21:25.159 INFO [stderr] This is likely to break cargo build or cargo test as these files may not be
Dec 01 08:21:25.159 INFO [stderr] ready to be compiled as a test target today. You can future-proof yourself
Dec 01 08:21:25.159 INFO [stderr] and disable this warning by adding `autotests = false` to your [package]
Dec 01 08:21:25.159 INFO [stderr] section. You may also move the files to a location where Cargo would not
Dec 01 08:21:25.159 INFO [stderr] automatically infer them to be a target, such as in subfolders.
Dec 01 08:21:25.159 INFO [stderr] 
Dec 01 08:21:25.159 INFO [stderr] For more information on this warning you can consult
Dec 01 08:21:25.159 INFO [stderr] https://github.com/rust-lang/cargo/issues/5330
Dec 01 08:21:25.542 INFO [stderr]    Compiling pear_codegen v0.0.20
Dec 01 08:21:25.552 INFO [stderr]    Compiling rocket v0.3.16
Dec 01 08:21:25.571 INFO [stderr]    Compiling rocket_codegen v0.3.16
Dec 01 08:21:25.573 INFO [stderr]    Compiling toml v0.4.6
Dec 01 08:21:25.575 INFO [stderr]    Compiling unicase_serde v0.1.0
Dec 01 08:21:25.576 INFO [stderr]    Compiling hyper v0.10.13
Dec 01 08:21:25.583 INFO [stderr]    Compiling url_serde v0.2.0
Dec 01 08:21:25.584 INFO [stderr]    Compiling diesel v1.3.3
Dec 01 08:21:26.061 INFO [stderr] error: failed to run custom build command for `pear_codegen v0.0.20`
Dec 01 08:21:26.061 INFO [stderr] process didn't exit successfully: `/target/debug/build/pear_codegen-545f8475d142af57/build-script-build` (exit code: 101)
Dec 01 08:21:26.061 INFO [stderr] --- stderr
Dec 01 08:21:26.061 INFO [stderr] [1;31mError:[0m [37mPear requires a nightly or dev version of Rust.[0m
Dec 01 08:21:26.061 INFO [stderr] [37mInstalled version is:[0m [33m1.31.0-beta.20 (2018-11-30)[0m. [37mMinimum required:[0m [33m1.30.0-nightly (2018-08-23)[0m.
Dec 01 08:21:26.061 INFO [stderr] thread 'main' panicked at 'Aborting compilation due to incompatible compiler.', /cargo-home/registry/src/github.com-1ecc6299db9ec823/pear_codegen-0.0.20/build.rs:31:13
Dec 01 08:21:26.061 INFO [stderr] stack backtrace:
Dec 01 08:21:26.061 INFO [stderr]    0:     0x55eb2764f27f - std::sys::unix::backtrace::tracing::imp::unwind_backtrace::h3a8b83e1922cbdde
Dec 01 08:21:26.061 INFO [stderr]                                at libstd/sys/unix/backtrace/tracing/gcc_s.rs:49
Dec 01 08:21:26.061 INFO [stderr]    1:     0x55eb2765ac57 - std::sys_common::backtrace::print::h00d3155a29b4020f
Dec 01 08:21:26.061 INFO [stderr]                                at libstd/sys_common/backtrace.rs:71
Dec 01 08:21:26.061 INFO [stderr]                                at libstd/sys_common/backtrace.rs:59
Dec 01 08:21:26.061 INFO [stderr]    2:     0x55eb27653b1f - std::panicking::default_hook::{{closure}}::hd7465c742e79e1bb
Dec 01 08:21:26.061 INFO [stderr]                                at libstd/panicking.rs:211
Dec 01 08:21:26.061 INFO [stderr]    3:     0x55eb27653884 - std::panicking::default_hook::h9e3966f2aa2a6e12
Dec 01 08:21:26.061 INFO [stderr]                                at libstd/panicking.rs:227
Dec 01 08:21:26.061 INFO [stderr]    4:     0x55eb2765414e - std::panicking::rust_panic_with_hook::h587f091ae747d080
Dec 01 08:21:26.061 INFO [stderr]                                at libstd/panicking.rs:476
Dec 01 08:21:26.061 INFO [stderr]    5:     0x55eb27625cb3 - std::panicking::begin_panic::h4e3730271beb8b92
Dec 01 08:21:26.061 INFO [stderr]                                at libstd/panicking.rs:410
Dec 01 08:21:26.061 INFO [stderr]    6:     0x55eb27623d78 - build_script_build::main::hd397855388fb565b
Dec 01 08:21:26.061 INFO [stderr]                                at /cargo-home/registry/src/github.com-1ecc6299db9ec823/pear_codegen-0.0.20/build.rs:31
Dec 01 08:21:26.061 INFO [stderr]    7:     0x55eb2762659f - std::rt::lang_start::{{closure}}::h7b3193c265bb446b
Dec 01 08:21:26.061 INFO [stderr]                                at libstd/rt.rs:74
Dec 01 08:21:26.061 INFO [stderr]    8:     0x55eb27653bc2 - std::panicking::try::do_call::h52e7f80ff0fdcc45
Dec 01 08:21:26.061 INFO [stderr]                                at libstd/rt.rs:59
Dec 01 08:21:26.061 INFO [stderr]                                at libstd/panicking.rs:310
Dec 01 08:21:26.061 INFO [stderr]    9:     0x55eb27665c09 - __rust_maybe_catch_panic
Dec 01 08:21:26.061 INFO [stderr]                                at libpanic_unwind/lib.rs:102
Dec 01 08:21:26.061 INFO [stderr]   10:     0x55eb276438da - std::rt::lang_start_internal::h38cae898de7f805c
Dec 01 08:21:26.061 INFO [stderr]                                at libstd/panicking.rs:289
Dec 01 08:21:26.061 INFO [stderr]                                at libstd/panic.rs:392
Dec 01 08:21:26.061 INFO [stderr]                                at libstd/rt.rs:58
Dec 01 08:21:26.061 INFO [stderr]   11:     0x55eb27626578 - std::rt::lang_start::h40513075cbc2edc4
Dec 01 08:21:26.061 INFO [stderr]                                at libstd/rt.rs:74
Dec 01 08:21:26.061 INFO [stderr]   12:     0x55eb27624c49 - main
Dec 01 08:21:26.061 INFO [stderr]   13:     0x7fed27bba82f - __libc_start_main
Dec 01 08:21:26.061 INFO [stderr]   14:     0x55eb27623658 - _start
Dec 01 08:21:26.061 INFO [stderr]   15:                0x0 - <unknown>
Dec 01 08:21:26.061 INFO [stderr] 
Dec 01 08:21:26.061 INFO [stderr] warning: build failed, waiting for other jobs to finish...
Dec 01 08:21:26.167 INFO [stderr] error: failed to run custom build command for `rocket_codegen v0.3.16`
Dec 01 08:21:26.167 INFO [stderr] process didn't exit successfully: `/target/debug/build/rocket_codegen-694c06404a6a6a0e/build-script-build` (exit code: 101)
Dec 01 08:21:26.167 INFO [stderr] --- stderr
Dec 01 08:21:26.167 INFO [stderr] [1;31mError:[0m [37mRocket requires a nightly or dev version of Rust.[0m
Dec 01 08:21:26.167 INFO [stderr] [37mInstalled version is:[0m [33m1.31.0-beta.20 (2018-11-30)[0m. [37mMinimum required:[0m [33m1.30.0-nightly (2018-08-23)[0m.
Dec 01 08:21:26.167 INFO [stderr] [34mSee the getting started guide ([0m[37mhttps://rocket.rs/guide/getting-started/[0m[34m) for more information.[0m
Dec 01 08:21:26.167 INFO [stderr] thread 'main' panicked at 'Aborting compilation due to incompatible compiler.', /cargo-home/registry/src/github.com-1ecc6299db9ec823/rocket_codegen-0.3.16/build.rs:38:17
Dec 01 08:21:26.167 INFO [stderr] stack backtrace:
Dec 01 08:21:26.167 INFO [stderr]    0:     0x55d47c7084af - std::sys::unix::backtrace::tracing::imp::unwind_backtrace::h3a8b83e1922cbdde
Dec 01 08:21:26.167 INFO [stderr]                                at libstd/sys/unix/backtrace/tracing/gcc_s.rs:49
Dec 01 08:21:26.167 INFO [stderr]    1:     0x55d47c713e87 - std::sys_common::backtrace::print::h00d3155a29b4020f
Dec 01 08:21:26.167 INFO [stderr]                                at libstd/sys_common/backtrace.rs:71
Dec 01 08:21:26.167 INFO [stderr]                                at libstd/sys_common/backtrace.rs:59
Dec 01 08:21:26.167 INFO [stderr]    2:     0x55d47c70cd4f - std::panicking::default_hook::{{closure}}::hd7465c742e79e1bb
Dec 01 08:21:26.167 INFO [stderr]                                at libstd/panicking.rs:211
Dec 01 08:21:26.167 INFO [stderr]    3:     0x55d47c70cab4 - std::panicking::default_hook::h9e3966f2aa2a6e12
Dec 01 08:21:26.167 INFO [stderr]                                at libstd/panicking.rs:227
Dec 01 08:21:26.167 INFO [stderr]    4:     0x55d47c70d37e - std::panicking::rust_panic_with_hook::h587f091ae747d080
Dec 01 08:21:26.167 INFO [stderr]                                at libstd/panicking.rs:476
Dec 01 08:21:26.167 INFO [stderr]    5:     0x55d47c6deee3 - std::panicking::begin_panic::hede8e8925b40ba83
Dec 01 08:21:26.167 INFO [stderr]                                at libstd/panicking.rs:410
Dec 01 08:21:26.167 INFO [stderr]    6:     0x55d47c6dcfb4 - build_script_build::main::hcb002b6b4779b55a
Dec 01 08:21:26.167 INFO [stderr]                                at /cargo-home/registry/src/github.com-1ecc6299db9ec823/rocket_codegen-0.3.16/build.rs:38
Dec 01 08:21:26.167 INFO [stderr]    7:     0x55d47c6df7cf - std::rt::lang_start::{{closure}}::h411225be29c3d1b5
Dec 01 08:21:26.167 INFO [stderr]                                at libstd/rt.rs:74
Dec 01 08:21:26.167 INFO [stderr]    8:     0x55d47c70cdf2 - std::panicking::try::do_call::h52e7f80ff0fdcc45
Dec 01 08:21:26.167 INFO [stderr]                                at libstd/rt.rs:59
Dec 01 08:21:26.167 INFO [stderr]                                at libstd/panicking.rs:310
Dec 01 08:21:26.167 INFO [stderr]    9:     0x55d47c71ee39 - __rust_maybe_catch_panic
Dec 01 08:21:26.167 INFO [stderr]                                at libpanic_unwind/lib.rs:102
Dec 01 08:21:26.167 INFO [stderr]   10:     0x55d47c6fcb0a - std::rt::lang_start_internal::h38cae898de7f805c
Dec 01 08:21:26.167 INFO [stderr]                                at libstd/panicking.rs:289
Dec 01 08:21:26.167 INFO [stderr]                                at libstd/panic.rs:392
Dec 01 08:21:26.167 INFO [stderr]                                at libstd/rt.rs:58
Dec 01 08:21:26.167 INFO [stderr]   11:     0x55d47c6df7a8 - std::rt::lang_start::h8ea39e7fa45da7bc
Dec 01 08:21:26.167 INFO [stderr]                                at libstd/rt.rs:74
Dec 01 08:21:26.167 INFO [stderr]   12:     0x55d47c6dde79 - main
Dec 01 08:21:26.167 INFO [stderr]   13:     0x7fe32187182f - __libc_start_main
Dec 01 08:21:26.167 INFO [stderr]   14:     0x55d47c6dc658 - _start
Dec 01 08:21:26.167 INFO [stderr]   15:                0x0 - <unknown>
Dec 01 08:21:26.167 INFO [stderr] 
Dec 01 08:21:26.167 INFO [stderr] warning: build failed, waiting for other jobs to finish...
Dec 01 08:21:26.175 INFO [stderr] error: failed to run custom build command for `rocket v0.3.16`
Dec 01 08:21:26.176 INFO [stderr] process didn't exit successfully: `/target/debug/build/rocket-16c70f196851f9de/build-script-build` (exit code: 101)
Dec 01 08:21:26.176 INFO [stderr] --- stderr
Dec 01 08:21:26.176 INFO [stderr] [1;31mError:[0m [37mRocket requires a nightly or dev version of Rust.[0m
Dec 01 08:21:26.176 INFO [stderr] [37mInstalled version is:[0m [33m1.31.0-beta.20 (2018-11-30)[0m. [37mMinimum required:[0m [33m1.27.0-nightly (2018-04-26)[0m.
Dec 01 08:21:26.176 INFO [stderr] [34mSee the getting started guide ([0m[37mhttps://rocket.rs/guide/getting-started/[0m[34m) for more information.[0m
Dec 01 08:21:26.176 INFO [stderr] thread 'main' panicked at 'Aborting compilation due to incompatible compiler.', /cargo-home/registry/src/github.com-1ecc6299db9ec823/rocket-0.3.16/build.rs:38:13
Dec 01 08:21:26.176 INFO [stderr] stack backtrace:
Dec 01 08:21:26.176 INFO [stderr]    0:     0x556194ef84bf - std::sys::unix::backtrace::tracing::imp::unwind_backtrace::h3a8b83e1922cbdde
Dec 01 08:21:26.176 INFO [stderr]                                at libstd/sys/unix/backtrace/tracing/gcc_s.rs:49
Dec 01 08:21:26.176 INFO [stderr]    1:     0x556194f03e97 - std::sys_common::backtrace::print::h00d3155a29b4020f
Dec 01 08:21:26.176 INFO [stderr]                                at libstd/sys_common/backtrace.rs:71
Dec 01 08:21:26.176 INFO [stderr]                                at libstd/sys_common/backtrace.rs:59
Dec 01 08:21:26.176 INFO [stderr]    2:     0x556194efcd5f - std::panicking::default_hook::{{closure}}::hd7465c742e79e1bb
Dec 01 08:21:26.176 INFO [stderr]                                at libstd/panicking.rs:211
Dec 01 08:21:26.176 INFO [stderr]    3:     0x556194efcac4 - std::panicking::default_hook::h9e3966f2aa2a6e12
Dec 01 08:21:26.176 INFO [stderr]                                at libstd/panicking.rs:227
Dec 01 08:21:26.176 INFO [stderr]    4:     0x556194efd38e - std::panicking::rust_panic_with_hook::h587f091ae747d080
Dec 01 08:21:26.176 INFO [stderr]                                at libstd/panicking.rs:476
Dec 01 08:21:26.176 INFO [stderr]    5:     0x556194eceef3 - std::panicking::begin_panic::h6a87de5086119b0f
Dec 01 08:21:26.176 INFO [stderr]                                at libstd/panicking.rs:410
Dec 01 08:21:26.176 INFO [stderr]    6:     0x556194eccfb5 - build_script_build::main::h8a0c60f714dbaaf7
Dec 01 08:21:26.176 INFO [stderr]                                at /cargo-home/registry/src/github.com-1ecc6299db9ec823/rocket-0.3.16/build.rs:38
Dec 01 08:21:26.176 INFO [stderr]    7:     0x556194ecf7df - std::rt::lang_start::{{closure}}::h130fb439808e8edc
Dec 01 08:21:26.176 INFO [stderr]                                at libstd/rt.rs:74
Dec 01 08:21:26.176 INFO [stderr]    8:     0x556194efce02 - std::panicking::try::do_call::h52e7f80ff0fdcc45
Dec 01 08:21:26.176 INFO [stderr]                                at libstd/rt.rs:59
Dec 01 08:21:26.176 INFO [stderr]                                at libstd/panicking.rs:310
Dec 01 08:21:26.176 INFO [stderr]    9:     0x556194f0ee49 - __rust_maybe_catch_panic
Dec 01 08:21:26.176 INFO [stderr]                                at libpanic_unwind/lib.rs:102
Dec 01 08:21:26.176 INFO [stderr]   10:     0x556194eecb1a - std::rt::lang_start_internal::h38cae898de7f805c
Dec 01 08:21:26.176 INFO [stderr]                                at libstd/panicking.rs:289
Dec 01 08:21:26.176 INFO [stderr]                                at libstd/panic.rs:392
Dec 01 08:21:26.176 INFO [stderr]                                at libstd/rt.rs:58
Dec 01 08:21:26.176 INFO [stderr]   11:     0x556194ecf7b8 - std::rt::lang_start::h06962203897029e3
Dec 01 08:21:26.176 INFO [stderr]                                at libstd/rt.rs:74
Dec 01 08:21:26.176 INFO [stderr]   12:     0x556194ecde89 - main
Dec 01 08:21:26.176 INFO [stderr]   13:     0x7f020976082f - __libc_start_main
Dec 01 08:21:26.176 INFO [stderr]   14:     0x556194ecc658 - _start
Dec 01 08:21:26.176 INFO [stderr]   15:                0x0 - <unknown>
Dec 01 08:21:26.176 INFO [stderr] 
Dec 01 08:21:26.176 INFO [stderr] warning: build failed, waiting for other jobs to finish...
Dec 01 08:22:13.247 INFO [stderr] error: build failed
Dec 01 08:22:13.255 INFO [stderr] su: No module specific data is present
Dec 01 08:22:13.721 INFO running `"docker" "inspect" "f2c555cbd04b7e6c986e77d506ebabe6aa5847a7794a308427270b158e41054b"`
Dec 01 08:22:13.849 INFO running `"docker" "rm" "-f" "f2c555cbd04b7e6c986e77d506ebabe6aa5847a7794a308427270b158e41054b"`
Dec 01 08:22:14.174 INFO [stdout] f2c555cbd04b7e6c986e77d506ebabe6aa5847a7794a308427270b158e41054b
